 base 4, what is 1233300230133 + -12?
1233300230121
In base 3, what is 200002200201121121 + 2?
200002200201121200
In base 14, what is -5 - 5c11119?
-5c11120
In base 9, what is -165 + 615664?
615488
In base 4, what is 1320013100 - -11?
1320013111
In base 8, what is 37 + 4540172?
4540231
In base 13, what is 25a2 + -2405?
19a
In base 8, what is 34 - 12455635?
-12455601
In base 5, what is -2444324320 + -4?
-2444324324
In base 3, what is 102 - 222111022120?
-222111022011
In base 10, what is -87 + 1339409?
1339322
In base 6, what is -311421121 + 55?
-311421022
In base 4, what is -2 + 323030033312?
323030033310
In base 10, what is -514813 + 30?
-514783
In base 7, what is 6 - 54365422?
-54365413
In base 3, what is 121110 - -12111012021220?
12111012220100
In base 9, what is -6277001310 - -5?
-6277001304
In base 2, what is 11110110111 - 110011111110010?
-110000000111011
In base 14, what is 880 - -1064?
1904
In base 8, what is 3637463 + 2?
3637465
In base 11, what is -5 - -10610001?
1060aaa7
In base 5, what is -133031222 - 113?
-133031340
In base 14, what is a1 - -21a70?
21b31
In base 8, what is -12672 + -20616?
-33510
In base 15, what is -588e4 + e4?
-58800
In base 12, what is -454 + 9634?
91a0
In base 9, what is 11 + 23368030?
23368041
In base 6, what is -245325142 + 2?
-245325140
In base 5, what is -21220 + 113323?
42103
In base 16, what is -140eae6 - 3?
-140eae9
In base 15, what is 4 + 1e177e?
1e1783
In base 14, what is -18 + -1c60da?
-1c6114
In base 4, what is 3023222111 - 120?
3023221331
In base 10, what is -31507 - 2803?
-34310
In base 11, what is 41174216 - -2?
41174218
In base 4, what is 32201000310 - 11?
32201000233
In base 4, what is 212223310 + 2020?
212231330
In base 4, what is 2 - -100010131122?
100010131130
In base 15, what is -4445 - -25?
-4420
In base 3, what is -2121102002212222 - -1?
-2121102002212221
In base 8, what is 0 - -14441071?
14441071
In base 7, what is 2223662 + -100?
2223562
In base 5, what is 1120 + 103313211?
103314331
In base 3, what is 210101012010220 + -2?
210101012010211
In base 10, what is 185475654 + 3?
185475657
In base 8, what is 2 + 1215663?
1215665
In base 10, what is -3 + 3896678?
3896675
In base 5, what is -302000003 + 400?
-301444103
In base 12, what is 13456 - 358?
130ba
In base 13, what is 342c16a + 4?
342c171
In base 8, what is -100631 + 12437?
-66172
In base 5, what is 103430034 + 40?
103430124
In base 5, what is -143 - -10332321?
10332123
In base 11, what is -6764653 - -4?
-676464a
In base 7, what is 3055130 + -32?
3055065
In base 16, what is fa + 15331?
1542b
In base 11, what is -34189a + -6?
-3418a5
In base 9, what is -337723 - 688?
-338522
In base 14, what is 4 - 77375a8?
-77375a4
In base 7, what is 23142 + -104330?
-51155
In base 11, what is 0 + 6500069?
6500069
In base 12, what is 3574 + -680b?
-3257
In base 14, what is -9c403 - 58?
-9c45b
In base 6, what is 255112 - 43404?
211304
In base 2, what is -11111 + 1000110000100101011?
1000110000100001100
In base 5, what is 114 + 1031220433?
1031221102
In base 2, what is 1010110001100001010011000 - -1001?
1010110001100001010100001
In base 13, what is 7 + -51094b0?
-51094a6
In base 13, what is 2b27212 - 0?
2b27212
In base 10, what is -35040 - -56?
-34984
In base 14, what is -5b + -22d05c?
-22d0b9
In base 13, what is -115 + 20b3a?
20a25
In base 9, what is 55145456 - 5?
55145451
In base 2, what is 101011100 + -101011101110011100?
-101011101001000000
In base 16, what is 14bf17c - -5?
14bf181
In base 6, what is 321511040 - 5?
321511031
In base 8, what is 40 - 2610671?
-2610631
In base 3, what is 0 + 12010020211?
12010020211
In base 3, what is 20011 + 2101000110?
2101020121
In base 8, what is -2 + -1154461235?
-1154461237
In base 7, what is -51641 - -2335?
-46303
In base 11, what is -901293865 + -2?
-901293867
In base 3, what is 120 + 210010002121001?
210010002121121
In base 14, what is 1ab547a9 + -1?
1ab547a8
In base 14, what is -708b94 + 5?
-708b8d
In base 7, what is 10 + 2301266?
2301306
In base 8, what is 45622614 - 3?
45622611
In base 15, what is -1b6588 + 165?
-1b6423
In base 10, what is 3037530 - 0?
3037530
In base 7, what is 13611 - -2530?
16441
In base 7, what is 24601344 + -121?
24601223
In base 12, what is 21805930 + 5?
21805935
In base 11, what is -52 + 432238?
432196
In base 14, what is 26d8d - -129?
270b8
In base 13, what is 34 - 308b5a?
-308b26
In base 12, what is -31b - 79748?
-79a67
In base 10, what is -12711 - -47?
-12664
In base 6, what is -423140 + -313151?
-1140331
In base 7, what is -6611326 + -14?
-6611343
In base 3, what is -1212 + 2220210002?
2220201020
In base 15, what is -28e4 - -307d?
689
In base 7, what is -2021646 - 2?
-2021651
In base 13, what is -36bb612 + 44?
-36bb59b
In base 15, what is 1d1d7eb - 1?
1d1d7ea
In base 5, what is 3 - 214444014340?
-214444014332
In base 7, what is 64 - -2104440?
2104534
In base 10, what is -6 + -7602?
-7608
In base 14, what is 3d - -3ad46?
3ad85
In base 6, what is 1233054340 + 5?
1233054345
In base 14, what is bc236 + -3?
bc233
In base 8, what is 122062 + 2736?
125020
In base 16, what is -ad8a9 - -14?
-ad895
In base 12, what is 1 + 921b87?
921b88
In base 5, what is 41130 + 433130?
1024310
In base 6, what is -445 + 32115422?
32114533
In base 3, what is 100 + -10222200200202000?
-10222200200201200
In base 4, what is 2110221211 - 20?
2110221131
In base 6, what is 24021125 - 14?
24021111
In base 8, what is 2 - 23113376?
-23113374
In base 16, what is -1e85a - -b?
-1e84f
In base 6, what is 4321 + -5342?
-1021
In base 6, what is 411123330 + -15?
411123311
In base 8, what is 44250336 - 72?
44250244
In base 7, what is -1013223 + 231?
-1012662
In base 3, what is -12012102021 - -1110?
-12012100211
In base 10, what is 700216 - -3?
700219
In base 13, what is 0 + 990180?
990180
In base 15, what is b1c4 - -45?
b219
In base 16, what is -67e1 - 31?
-6812
In base 12, what is -b2563 + -3a3?
-b2946
In base 10, what is 3 - -1939599?
1939602
In base 3, what is 11220201 - -211200110?
1000121011
In base 16, what is 51b1a - 91e?
511fc
In base 4, what is -221312113 + 2130?
-221303323
In base 14, what is 2b645 - 46c?
2b1b7
In base 5, what is -10104411 - -10?
-10104401
In base 4, what is -10 + -1100221101021?
-1100221101031
In base 14, what is 0 - -19a04d?
19a04d
In base 12, what is -66 + -216269?
-216313
In base 5, what is -1244400 - -201321?
-1043024
In base 9, what is -25821641 - 1?
-25821642
In base 12, what is -33850 + -57?
-338a7
In base 5, what is -114023004 + 4?
-114023000
In base 7, what is 1213020 + -601?
1212116
In base 16, what is -1 + 6a063ed?
6a063ec
In base 4, what is -112003111031 - 11?
-112003111102
In base 10, what is 4433052 + -22?
4433030
In base 4, what is -11 - -2010121000300?
2010121000223
In base 10, what is 26166 - 1768?
24398
In base 7, what is 216 + 36262252?
36262501
In base 5, what is 22224424021 - 3?
22224424013
In base 14, what is 2028 + -1288?
b80
In base 9, what is -141 - 15200?
-15341
In base 7, what is -3051 + 33560?
30506
In base 13, what is -1 - 28a9b56?
-28a9b57
In base 11, what is -6 - 8065aa2?
-8065aa8
In base 2, what is 101111100001110010 - -101010?
101111100010011100
In base 6, what is -42240 - -542204?
455524
In base 3, what is 112 + 1111021212000000?
1111021212000112
In base 10, what is 3809 - 3408?
401
In base 3, what is -2212 - -10202111221000?
10202111211011
In base 4, what is -100 + -12220113313?
-12220120013
In base 12, what is -1607 - -285a?
1253
In base 6, what is -543454 + -51230?
-1035124
In base 2, what is -10100111010110000 - 11?
-10100111010110011
In base 9, what is 321363461 + 10?
321363471
In base 2, what is 101000 + -110101100110101011010?
-110101100110100110010
In base 9, what is -6468285 - -8?
-6468276
In base 7, what is -62456 - 162?
-62651
In base 10, what is 20575 + -1681?
18894
In base 15, what is e6 + -225e6?
-22500
In base 8, what is 1 - -271301741?
271301742
In base 14, what is ba9 - 2ccca?
-2c121
In base 2, what is -1011011011100100 - 1010011100000?
-1100101111000100
In base 15, what is -40 - 4e804?
-4e844
In base 4, what is 30101233 - -1333?
30103232
In base 12, what is -30494 - -16?
-3047a
In base 2, what is 111011111010 + -110110101?
110101000101
In base 7, what is 1021 + -400644?
-366623
In base 13, what is 204a73 + 12?
204a85
In base 16, what is -dd +